0
What is the hundreds digit of ((-165736)/(-20))/((-1 + 4)/((-735)/(-98)))?
7
Suppose 2*r - 1244 = -9*z - 84, 5*z - 4*r = 670. What is the tens digit of z?
3
Let t(w) = 19 + 12 + 24 - 12 + 32*w. What is the hundreds digit of t(29)?
9
Suppose 11*u + 150652 = 3*x + 15*u, 3*u = -x + 50204. What is the tens digit of x?
2
Let u(h) = -105*h**3 - 28*h**2 - 4*h + 40. What is the hundreds digit of u(-5)?
4
Let v(a) be the first derivative of -a**4/4 + 7*a**3/3 - 5*a**2 + 2*a - 353. Suppose 2*p - 3 = 7. What is the units digit of v(p)?
2
What is the ten thousands digit of (-21606)/((288/18)/(-16))?
2
What is the tens digit of 16095/2 - ((-15)/(-2))/(-5)?
4
Suppose 3*z = 80*p - 85*p + 100764, -3*p = 4*z - 134341. What is the ten thousands digit of z?
3
Let i(m) = -m**3 + 12*m**2 - 29*m - 53. Let h(t) = 3*t**2 - 7*t - 13. Let y(d) = -9*h(d) + 2*i(d). What is the tens digit of y(-6)?
0
Let g be 40/(-16)*(-2)/5. Let y be -118 - (-3 - (g/(-1) - 3)). What is the units digit of -3 - -3 - -2 - y?
1
Let t = -85157 + 137211. What is the hundreds digit of t?
0
Let x = 17 + -9. Let g(a) = a**3 - 7*a**2 - 7*a - 14. Let j be g(x). Let m(n) = -10*n + 21. What is the units digit of m(j)?
1
Let t be (-33)/(-132) + 21/(-4). What is the tens digit of t + 12 + -3 + (2 - -466)?
7
Let q(a) = -a**3 + 16*a**2 + a - 15. Let d be q(16). What is the units digit of d*(-6)/12*202*-2?
2
Let m(g) = -g**3 - 5*g**2 - 8*g - 5. Let a be m(-5). Let v = 133 - 152. Let u = a - v. What is the tens digit of u?
5
Suppose -10*a - 27*a - 46362 = -43*a. What is the units digit of a?
7
Suppose -4*i + 239608 = -5*f, 3*i + 33*f = 32*f + 179706. What is the ten thousands digit of i?
5
Suppose 4*k + 26*o - 3683 = 25*o, 4*k - 3668 = -4*o. Let m = 1000 - k. What is the units digit of m?
8
Let a be 1 - 0 - ((-25)/(-5) - 24). Suppose 9*p + a = 13*p. Suppose p*i - 45 - 100 = 0. What is the units digit of i?
9
Let c = -38 - -23. Let s be (-2)/(55/c + 3). Suppose -2*q - 1186 = -4*h, 3*q - 1499 = -2*h - s*h. What is the hundreds digit of h?
2
Suppose -2*b - 92 = -310. Let p = -107 + b. Suppose 0 = 2*r - 4*r - 4*z + 510, 3*z - 508 = -p*r. What is the units digit of r?
1
Suppose -68324 = -19*h - 28369 + 52461. What is the tens digit of h?
6
Suppose 9 = 3*q, 7*q - 9*q + 832 = -2*o. Let p = o + 702. What is the hundreds digit of p?
2
Let y be 767/39*1*(1 - 4). Let q = y + 61. Suppose 4*k - o - 215 = 0, -q*k + k - o + 50 = 0. What is the tens digit of k?
5
Suppose 0 = 7419*s - 7410*s - 111024. What is the thousands digit of s?
2
Suppose -4*y + 5*y - 5*a = -20, -3*a = 3*y + 6. Let t(l) = 6*l + 2. Let w be t(y). Let d = -9 - w. What is the tens digit of d?
1
Suppose -72283 + 22817 - 54404 = -170*j. What is the tens digit of j?
1
Suppose 5477 = 3*m - 1582. Suppose 0 = 53*s - 40*s - m. What is the hundreds digit of s?
1
Let u(i) = 123*i + 3. Let p be u(2). Let r = p + 138. What is the hundreds digit of r?
3
Let u(d) = 6*d**2 + 133*d - 1952. What is the units digit of u(14)?
6
Suppose -36*w = -53*w + 34. Suppose 20*t + w*t - 14476 = 0. What is the hundreds digit of t?
6
Let o be 3 + 0 - (-735 + 6). Suppose o + 612 = 2*k. What is the hundreds digit of k?
6
What is the units digit of (-8)/3*8/(128/(-5988))?
8
Let y(v) be the second derivative of 7*v**4/3 + v**3/6 + 4*v**2 - v - 17. What is the hundreds digit of y(-3)?
2
Suppose -11159 = -14*d - 225. Suppose -d = -3*f - 109. What is the hundreds digit of f?
2
Let z be (648/(-20))/((-4)/30). Let w be 4 - (4 - 1) - 1. Suppose 10*o - 7*o - z = w. What is the tens digit of o?
8
Suppose -15 = d - 4*d. Suppose 0*a + 5 = d*a. What is the tens digit of (-78)/((-1)/a) - (-33)/11?
8
Suppose 1345758 = 249*t - 1677849. What is the hundreds digit of t?
1
Suppose -3638 = -3*o + 10*z - 6*z, -4*o = -4*z - 4844. Suppose -8*f + 14*f = o. What is the units digit of f?
1
Suppose v = -2*p - 4, -3*p = v - 0*p + 7. What is the units digit of v/4*(-33 - -1779)?
3
Let k = -204 - -212. What is the hundreds digit of k/((-80)/225)*-14?
3
Let f = 662 + -660. What is the thousands digit of (-1 - f) + ((-130)/13 - -1247)?
1
Suppose -5*y + 1074 = 219. Suppose a - 26 - 59 = -p, 0 = 2*a + 3*p - y. What is the tens digit of a?
8
Let r = 174 + -169. Suppose 4*g - 1164 = 50*a - 53*a, r*g - 1456 = -4*a. What is the tens digit of g?
8
Let s(q) = -30*q**3 + 2*q**2 + 3*q + 8746. What is the thousands digit of s(0)?
8
Let q = -315 + 312. What is the units digit of (-4)/(-2) + 821 - q?
6
Suppose -3*u + 162 = -9*u. What is the tens digit of (-14139)/u - 2/3?
2
What is the tens digit of 7 + (-7 - (-6 + -1) - -5235)?
4
Suppose -12*x - 8 = 16. What is the units digit of ((-10)/(-20))/(x/(-3288))?
2
Let o = 27 + -22. Suppose 1 = -5*k - a + 5*a, 2*a - o = k. Suppose 4*w - 68 - 139 = k*m, 0 = 4*w - m - 205. What is the units digit of w?
1
Suppose 344*g + 24 = 348*g. Let r = -477 + 691. Suppose 554 + r = g*y. What is the tens digit of y?
2
Suppose -30*c + 595047 - 179127 = 0. What is the tens digit of c?
6
Suppose -5*f = 2*y - 343, f + 10 = -f. Suppose -5*j = -15, -3*t = 2*j - 3*j - 909. Suppose h - 166 = -5*b, 3*h = -5*b + y + t. What is the tens digit of h?
6
Suppose -3*b + 4*j - 3 + 7 = 0, -4*j = -4*b. Let i(d) = -5*d**2 - d - 2*d**3 + 0*d + 2*d**2 - 3*d**2 - 9 + 12. What is the units digit of i(b)?
9
Let h = -3829 - -7380. What is the tens digit of h?
5
Let f = -2100 - -614. Let y = -2146 - f. Let o = -460 - y. What is the hundreds digit of o?
2
Suppose -36*k + 42*k = 270. Let i = 510 - k. What is the hundreds digit of i?
4
Suppose 0 = 8*f - 28226 - 14469 - 105. What is the units digit of f?
0
Suppose -14*k + 15*k + a - 5249 = 0, -10500 = -2*k - a. What is the hundreds digit of k?
2
Let o = -15934 + 23024. What is the hundreds digit of o?
0
Let h(p) = -p + 16. Let a be h(12). Suppose -480 = -q - 2*y, q - 5*y = -a*q + 2445. What is the tens digit of q?
8
Let q(b) = -b**3 - 13*b**2 - 4*b + 16. Let s be q(-12). Let l = 232 + s. Let d = -60 + l. What is the tens digit of d?
9
Let b(t) = 1626*t**3 - 5*t**2 + 20*t - 60. What is the tens digit of b(3)?
5
Let s be 2/(-3) - (-204)/36. Suppose -s*t = -179 - 276. Suppose t + 3 = g. What is the tens digit of g?
9
Suppose 2*h - 6*h + 12 = 0. Suppose h*v - 46 + 28 = 0. What is the units digit of (-260)/(-3) - (20/3 - v)?
6
Suppose 3*x - 12 + 0 = 0. Suppose 0 = 3*u + x*a + a - 20, 3*a = -2*u + 12. Suppose u = 4*r + 4*o - 232, 8*r + 3*o - 282 = 3*r. What is the units digit of r?
4
Let y(n) = -918*n + 981. Let d(l) = -46*l + 49. Let v(w) = -81*d(w) + 4*y(w). What is the hundreds digit of v(11)?
5
Let y(n) = 1180*n**3 + 8*n**2 + 33*n - 105. What is the hundreds digit of y(3)?
9
Suppose -701883 = -49*t - 42*t. What is the tens digit of t?
1
Let p be 10*8/100*5. Let v be (p - 132/27)*-48*6. Suppose 11*y - 2302 + v = 0. What is the units digit of y?
6
Let c(z) = 6*z - 10. Let v be c(2). Let g(b) = -b + 11. Let k be g(14). What is the units digit of 2 + k + 87 + v?
8
Suppose l + 65 + 8 = 0. Let h = l + 78. Suppose h*c - 3*s - 341 = -2*s, -2*c = -2*s - 130. What is the tens digit of c?
6
Suppose 0 = -0*r - 5*r - 3*p + 95, -5*r + 105 = 5*p. Suppose 7*j - 10*j - t = 41, -4*t = -r. What is the units digit of (j - -14)/(1/(-82))?
2
Suppose 0 = -y - 2065 + 6836. What is the hundreds digit of y?
7
Suppose l - 27300 - 25628 = -15*l. What is the units digit of l?
8
Let z(m) = m**2 + 29*m - 25. Let o be z(-14). Let r = 6 - o. Suppose -q + 39 = -4*p, -r = -5*q - 6*p + 3*p. What is the units digit of q?
7
Let n(z) = 6*z + 20. Suppose 4*c + 3*m + 15 = 3*c, 75 = -5*c - 4*m. Let g = c + 25. What is the tens digit of n(g)?
8
Let v(x) be the third derivative of x**6/120 - x**5/30 + x**4/12 + 5*x**3/6 + 2*x**2 - 342*x. Let n(h) = h + 4. Let l be n(0). What is the units digit of v(l)?
5
Suppose 0 = 2*r + 2*u - 14612, -3*u + 14610 = 5*r - 3*r. Suppose -16*v + r = 20*v. What is the tens digit of v?
0
Suppose -172080 + 407730 + 193634 = 17*h. What is the ten thousands digit of h?
2
What is the ten thousands digit of (32/(-24))/(215292/107649 + -2)?
2
Let z be (-38)/(-6) - 4/3. Suppose 5*h = -3*n + 29, -3 = -2*h + z. Suppose 136 = m - 5*u, 5*u + 536 = n*m + 158. What is the units digit of m?
1
Let m(x) = 2*x**3 + 30*x**2 - 34*x - 28. Let r be m(-16). Suppose -2*f + 3*l = -2492, 5*f + r*l - 5426 = 804. What